te the highest common divisor of t and w.
1
Let s = 64 + -28. Let u be (52/6)/(11/(-33)). Let o = 44 + u. Calculate the highest common divisor of o and s.
18
Let l be (12/7)/(((-60)/(-154))/15). Calculate the greatest common divisor of l and 44.
22
Suppose -k = -3*v - 31, 0 = 4*v + k + 4 + 35. Let a = v + 12. Suppose -n + 78 = -l, -a*n - 76 = -3*n - l. Calculate the highest common factor of n and 11.
11
Let m(a) = -92*a - 348. Let r be m(-5). Calculate the highest common factor of 64 and r.
16
Let k be (-240)/(-10)*(-16)/(-4). Calculate the highest common divisor of k and 32.
32
Let i be (19 + 65)*2/(-6)*-3. What is the greatest common factor of i and 12?
12
Let b = -37 + 33. Let x be ((-1)/(-1) - -45) + b. Let r be (-165)/(-6) + 2/4. What is the greatest common factor of r and x?
14
Let f = 70 + -14. Suppose 19 = 5*z + 14. Let p be 18 + z + (-3 - 2). What is the greatest common factor of f and p?
14
Let y = -20 - -11. Let o be ((-8)/10)/(y/225). Let a be (-1 - -2)*(-3 + 7). Calculate the highest common factor of a and o.
4
Let n(h) = h**3 - h**2 + h + 5. Let d be n(9). Suppose -5*m = -4*u + d, m - 161 = 4*u - 5*u. Let j = u - 88. What is the highest common factor of j and 50?
25
Let a = 40 - 31. Let f = 135 + a. What is the greatest common divisor of f and 18?
18
Let q(z) = 2*z**2 + 2*z - 6. Let h be q(-3). Suppose 32 = -2*p + h*p. Let a be 2/(-5) + 324/10. Calculate the highest common divisor of p and a.
8
Let x(l) = 6*l**2 + 217*l + 54. Let w be x(-36). Let m be (-8)/(-28) - (-1006)/7. What is the greatest common divisor of m and w?
18
Let n be 8/(-44) + 46/11. Let r be -4*(-42 - (0 + n)). Calculate the greatest common factor of r and 23.
23
Let v(y) = -4*y**3 + 35*y**2 + 7*y + 3. Let r be v(6). Calculate the greatest common divisor of 27 and r.
9
Suppose 4*o + 14 = 6*o. Suppose -61*z + 78 = -59*z. Suppose z = 2*j + 11. Calculate the greatest common divisor of o and j.
7
Suppose -10*y + 2880 = 38*y. Calculate the greatest common factor of y and 210.
30
Let k be ((-54)/84)/(12/(-32))*588. What is the greatest common divisor of k and 56?
56
Let u = -44 - -45. Let d be 7/u + (-6 - (2 - 6)). Calculate the greatest common divisor of 35 and d.
5
Let p = 734 + -707. Let u be 2/(0 - -2) + 26. What is the highest common divisor of p and u?
27
Suppose -6*c + 5 = -c. Let p(x) = -x**2 - 8*x - 6. Let d be (6 - 9)/(-2 + 3). Let f be p(d). Calculate the greatest common factor of f and c.
1
Let p = 6 - 6. Suppose 3*n = 2*l + 44, -5*n + 5*l = -p*l - 70. Let g = 4 - 2. Calculate the greatest common factor of g and n.
2
Let u be 58 + 4/(-12)*3. What is the highest common divisor of 57 and u?
57
Suppose 447 + 1457 = 16*g. Calculate the highest common divisor of 34 and g.
17
Let l(n) = n**2 + 10*n + 11. Suppose 66 = -6*z + 6. Let y be l(z). What is the greatest common factor of 121 and y?
11
Let d be 8/(16/1618) - -7. Calculate the highest common divisor of d and 51.
51
Let t = -533 - -749. What is the highest common divisor of t and 48?
24
Let g(i) = -25*i - i + 21*i + 69 + 8*i. Let t be g(-22). Let z be 1/1*(1 - -5). What is the highest common divisor of t and z?
3
Let h be (-6)/(8 - -4)*(-5 - -3). Calculate the greatest common divisor of 109 and h.
1
Suppose 95 = i + 5. Let a(b) = -b**2 + 3*b + 1. Let m be a(2). Let k = 6 + m. Calculate the greatest common divisor of i and k.
9
Let z be -4 + 9 + (-513)/(-27). What is the highest common divisor of z and 384?
24
Suppose 4*v - 75 = -v. Let p(n) = -37*n - 132. Let g be p(-6). What is the highest common factor of g and v?
15
Let q(f) = -f**2 + f + 5. Let y be q(0). Let d be (-47)/(-9) - (16/112 - (-20)/252). Calculate the highest common factor of y and d.
5
Let a = -34 + 38. Suppose 3*v = -v + n + 43, 5*v + a*n = 80. Calculate the greatest common factor of v and 30.
6
Let z be (-1)/(-8) - (-1084)/32. What is the highest common factor of z and 17?
17
Let g = -20 + -32. Let p be 2 + 4/3*(-39)/g. Calculate the highest common factor of p and 30.
3
Suppose 3*s = -2*x + 74, s = 4*x - 14 + 34. What is the greatest common divisor of s and 18?
6
Let s be (6 - 16)*16/(-5). What is the highest common factor of s and 32?
32
Let k be (45/(-6))/((-2)/4). Calculate the greatest common factor of k and 1965.
15
Let b(r) = -6*r. Let i be b(-1). Suppose -5*g - i = -z - 15, -g + 3*z + 13 = 0. Let t be 85/1 - g - 0. What is the greatest common factor of 12 and t?
12
Suppose -119123 = -80*t - 37043. What is the greatest common divisor of t and 38?
38
Let i = 867 + -475. What is the greatest common divisor of 49 and i?
49
Let p(r) = -9*r + 220. Let k be p(20). What is the greatest common divisor of k and 500?
20
Let v = -18 - -22. Suppose -v*d + 5*d + 1 = 0. Let b be 16*d*27/(-12). What is the highest common factor of 12 and b?
12
Let s = 60 + -42. Let p = -14 + s. What is the highest common divisor of 12 and p?
4
Let q(b) = 6*b**2 - 2*b. Let f = 46 + -43. Let w be q(f). What is the greatest common factor of 6 and w?
6
Let i be (3/9)/(10 + 36348/(-3636)). What is the highest common factor of i and 2323?
101
Let s(j) be the third derivative of -j**5/60 + j**4/6 - 2*j**2. Let d be s(3). Let p be 1 + 0 - (-165)/d. Calculate the highest common factor of 14 and p.
14
Let x(t) = -5*t**3 + 8*t**2 + 6*t + 5. Let y(m) = -m**3 - m**2 + 1. Let n(s) = -x(s) + 4*y(s). Let o be n(13). Calculate the greatest common factor of 10 and o.
10
Let n(x) = 5*x**2 + 56*x - 288. Let d be n(18). What is the highest common factor of 60 and d?
60
Let f = -16 + 26. Suppose -u + 2*a + f = 0, a + 8 = -u + 3*u. Let d = -314 + 320. What is the greatest common divisor of d and u?
2
Let h(f) = 4*f**2 + f. Let i be h(-1). Let q be (0 + i)/(6/10). Suppose 4*w + w - 5 = -n, 4*n + 4*w = 52. Calculate the greatest common factor of n and q.
5
Let r(o) = -o - 3. Let y be r(-6). Let x = y - -30. What is the highest common divisor of x and 33?
33
Suppose -4*v = 4*t - 80, t + 0*t + 22 = v. Let c be 2/11 - 987610/(-5885). Calculate the greatest common factor of v and c.
21
Let w(y) = -4*y - 4. Let j be w(3). Suppose -5*f + 5 + 14 = 4*b, 4*b = 3*f - 5. Let n be (9/f - j) + 1. Calculate the highest common divisor of n and 50.
10
Suppose 24*k = 50*k - 2912. Calculate the highest common factor of 84 and k.
28
Suppose -3*n = -0*n - 12. Let q(j) = 3*j**2 - 3*j. Let r be q(2). Let z = r + n. Calculate the highest common divisor of 90 and z.
10
Let l be (10/(-3))/(5/15). Let z = l + 16. Let p = 12 - z. Calculate the greatest common divisor of p and 18.
6
Let m = 41 + -20. Let n = 85 + -43. What is the highest common divisor of n and m?
21
Suppose 15 = 6*i - i. Suppose i*j + 4*t - 125 = 0, -5*j + 0*t + t + 170 = 0. Calculate the greatest common divisor of 14 and j.
7
Let q be 576/30 + 2/(-10). What is the highest common divisor of q and 7?
1
Let c(u) = u**3 + 5*u**2 + u - 7. Let b be c(-4). Suppose 19*w = b*w + 672. What is the highest common divisor of w and 12?
12
Suppose 0*l - 2*z - 18 = -3*l, 3*l = 4*z + 24. Let o be 2/l - 158/(-4). Suppose -3*y + o = y. Calculate the highest common factor of y and 2.
2
Let o(b) = -6*b - 47. Let d be o(-11). Let p = 139 - 33. Suppose 3*m - p = 65. What is the greatest common divisor of m and d?
19
Let u = -326 - -328. Calculate the greatest common divisor of 17 and u.
1
Let z = 423 - 413. Suppose 3*h - 31 = 59. Calculate the greatest common divisor of z and h.
10
Suppose 4*f = -k + 796, 0 = 2*k - 3*k - 4. Suppose -6*v + f = -v. Calculate the highest common factor of v and 80.
40
Let y(s) be the first derivative of s**4/4 - 5*s**3/3 - 7*s**2/2 - 4*s + 18. Let f be y(8). What is the highest common factor of 12 and f?
12
Let z(c) = c**2 + 2*c - 93. Let i be z(-13). Calculate the greatest common factor of i and 10.
10
Let x(p) = -p**3 - 16*p**2 - 51*p - 28. Let n be x(-13). Calculate the greatest common divisor of n and 24.
8
Suppose -526 = 10*f - 176. Let u be (-2)/7 + (-1340)/f. Calculate the greatest common divisor of u and 304.
38
Let a be ((-3)/2)/(16/(-960)). Calculate the greatest common factor of a and 6.
6
Let b(h) = -h + 8. Let r(q) = 2*q - 15. Let i(w) = -7*b(w) - 4*r(w). Let y be i(-7). Calculate the highest common divisor of y and 121.
11
Let s = 3354 - 3314. Let c = 10 + -16. Let d be ((-6)/2)/(c/20). What is the highest common divisor o